{"id":237,"date":"2012-12-19T11:48:57","date_gmt":"2012-12-19T09:48:57","guid":{"rendered":"http:\/\/alania.de\/?page_id=237"},"modified":"2013-06-03T21:28:41","modified_gmt":"2013-06-03T19:28:41","slug":"unser-selbstverstandnis","status":"publish","type":"page","link":"https:\/\/twv.alania.de\/?page_id=237","title":{"rendered":"Unser Selbstverst\u00e4ndnis"},"content":{"rendered":"<p style=\"text-align: justify;\">Die Technisch-Wissenschaftliche Studentenverbindung Alania ist politisch und konfes\u00adsionell frei. Wir verstehen uns als eine moderne Verbindung, die Studentische Tradition im Einklang mit Toleranz und kultureller Vielfalt im europ\u00e4ischen Kontext versteht und pflegt. Wir wollen nach wie vor unsere jungen Mitglieder an Grundwerte und F\u00e4higkeiten heranf\u00fchren, die sie f\u00fcr ihre k\u00fcnftigen Aufgaben in Gesellschaft und Wirtschaft brauchen.<\/p>\n<p style=\"text-align: justify;\">Den eigenen Standpunkt vertreten, die Meinung anderer respektieren, Ansichten austauschen, freie Rede \u00fcben, Rhetorik, Umgang mit geschriebenen und ungeschriebenen &#8222;Gesetzen&#8220;, sich auch mal einordnen k\u00f6nnen &#8230;<br \/>\ndas waren schon immer -und sind es heute noch- Lernfelder, die in den Allgemeinen Conventen spielerisch trainiert werden und zur Pers\u00f6nlichkeitsentwicklung beitragen.<\/p>\n<p style=\"text-align: justify;\">Sicher haben sich Anforderungen, Anspruch und auch grunds\u00e4tzliche Werte seit unserer Gr\u00fcndung im Jahre 1911 verschoben und ge\u00e4ndert. Stand damals noch ein starker Patriotismus im Vordergrund, so ist heute die ethisch und moralische Kompetenz von F\u00fchrungskr\u00e4ften und deren gesellschaftliche Verantwortung eines unserer wichtigsten Themen.<\/p>\n<p style=\"text-align: justify;\">Zu unseren Zielen geh\u00f6rt die lebenslange Freundschaft und die gegenseitige Unterst\u00fctzung unter Bundesbr\u00fcdern nach dem Lebensbundprinzip. Die Pflege studentischer und deutscher Tradition verstehen wir als kulturelle Herkunft und Identit\u00e4t im Kontext mit zeitlosen Grundwerten wie z. B. gegenseitige Achtung und Toleranz gegen\u00fcber jedermann, unabh\u00e4ngig von Herkunft und\/oder politischer Meinung.<br \/>\nWir erheben den Anspruch, f\u00fcr unsere aktiven Studenten das oft sehr spezifische Studium durch Vortr\u00e4ge aus allen Wissensgebieten und die individuelle Entwicklung der freien Rede zu bereichern.<\/p>\n<p style=\"text-align: justify;\">Dem gesellschaftlichen Wandel und der Tatsache dass die Studentenschaft sich heute in etwa je zur H\u00e4lfte von Frauen und M\u00e4nnern zusammensetzt, haben wir durch entsprechende Beschl\u00fcsse Rechnung getragen. Wir haben heute eine Bundeskanzlerin, viele Frauen behaupten sich in bisher der M\u00e4nnerwelt vorbehaltenen Dom\u00e4nen und besetzen Spitzenpositionen.<br \/>\nWir beanspruchen als Verbindung, F\u00f6rderer und Wegbereiter f\u00fcr herausragende Pers\u00f6nlichkeiten in Gesellschaft und Wirtschaft zu sein, unabh\u00e4ngig von Geschlecht oder Herkunft.<\/p>\n<p style=\"text-align: justify;\">Den weiteren Weg in unsere Zukunft sehen wir darin, unsere Ideale und Traditionen, unsere Geschichte als Verbindung und eine herausragende Identit\u00e4t intelligent mit dem Wandel zu verkn\u00fcpfen. Als Akademiker sind wir verpflichtet, der jeweiligen Realit\u00e4t gerecht zu werden.<\/p>\n<p style=\"text-align: justify;\">Die TWV Alania mit den ehemaligen Studenten der Fachhochschule Konstanz, heute HTWG Konstanz, hat sich schon sehr fr\u00fch den Studenten der Universit\u00e4t Konstanz ge\u00f6ffnet. Neben Ingenieuren, Architekten und Betriebswirtschaftlern tragen heute auch Juristen, Verwaltungs-, Geistes- und Naturwissenschaftler zur Gedankenvielfalt und zum \u201eStudium Generale\u201c bei. Unsere Mitglieder sind gr\u00f6\u00dftenteils in Baden-W\u00fcrttemberg ans\u00e4ssig, einige leben im europ\u00e4ischen Ausland und in \u00dcbersee. Ein betr\u00e4chtlicherTeil der Mitgliedsbeitr\u00e4ge flie\u00dft in F\u00f6rderma\u00dfnahmen f\u00fcr die studierenden Mitglieder, unserer Aktivitas.<br \/>\n<img decoding=\"async\" class=\"aligncenter\" alt=\"zirkel2\" src=\"https:\/\/twv.alania.de\/wp-content\/uploads\/2012\/11\/zirkel2.png\" width=\"40\" \/><\/p>\n","protected":false},"excerpt":{"rendered":"<p>Die Technisch-Wissenschaftliche Studentenverbindung Alania ist politisch und konfes\u00adsionell frei. Wir verstehen uns als eine moderne Verbindung, die Studentische Tradition im Einklang mit Toleranz und kultureller Vielfalt im europ\u00e4ischen Kontext versteht und pflegt. Wir wollen nach wie vor unsere jungen Mitglieder &hellip; <a href=\"https:\/\/twv.alania.de\/?page_id=237\">Weiterlesen <span class=\"meta-nav\">&rarr;<\/span><\/a><\/p>\n","protected":false},"author":1,"featured_media":115,"parent":0,"menu_order":0,"comment_status":"closed","ping_status":"closed","template":"","meta":{"ngg_post_thumbnail":0,"footnotes":""},"class_list":["post-237","page","type-page","status-publish","has-post-thumbnail","hentry"],"_links":{"self":[{"href":"https:\/\/twv.alania.de\/index.php?rest_route=\/wp\/v2\/pages\/237","targetHints":{"allow":["GET"]}}],"collection":[{"href":"https:\/\/twv.alania.de\/index.php?rest_route=\/wp\/v2\/pages"}],"about":[{"href":"https:\/\/twv.alania.de\/index.php?rest_route=\/wp\/v2\/types\/page"}],"author":[{"embeddable":true,"href":"https:\/\/twv.alania.de\/index.php?rest_route=\/wp\/v2\/users\/1"}],"replies":[{"embeddable":true,"href":"https:\/\/twv.alania.de\/index.php?rest_route=%2Fwp%2Fv2%2Fcomments&post=237"}],"version-history":[{"count":2,"href":"https:\/\/twv.alania.de\/index.php?rest_route=\/wp\/v2\/pages\/237\/revisions"}],"predecessor-version":[{"id":534,"href":"https:\/\/twv.alania.de\/index.php?rest_route=\/wp\/v2\/pages\/237\/revisions\/534"}],"wp:featuredmedia":[{"embeddable":true,"href":"https:\/\/twv.alania.de\/index.php?rest_route=\/wp\/v2\/media\/115"}],"wp:attachment":[{"href":"https:\/\/twv.alania.de\/index.php?rest_route=%2Fwp%2Fv2%2Fmedia&parent=237"}],"curies":[{"name":"wp","href":"https:\/\/api.w.org\/{rel}","templated":true}]}}